5/60 - g**4/24 - g**3/6 - g**2. Let j(q) be the first derivative of h(q). What is j(5)?
9
Suppose 4*g + 5*m = -20, 4*g = 5*m - 2*m - 20. Let u(r) = 6*r + 7 - r - r. What is u(g)?
-13
Let n(p) be the third derivative of p**5/60 + 5*p**4/24 + p**3/6 + 3*p**2. Let r be (-24)/15 - (-4)/(-10). Let j be 13/(-4) + r/(-8). Give n(j).
-5
Let u(k) = 3 - 3 + 3*k - 2*k. Let w be u(-3). Let d(x) = -2*x**2 - 3*x. Give d(w).
-9
Let o(i) = -2*i - 7. Let y = 1 - 8. Calculate o(y).
7
Let k = -40 + 36. Let q(u) be the first derivative of u**4/4 + 5*u**3/3 + 3*u**2 + 6*u + 3. What is q(k)?
-2
Suppose -3*q + 6 = -6. Let l(t) = t**3 - 4*t**2 + t + 2. Determine l(q).
6
Let r(n) = -7*n**2 - 19*n + 14. Let i(o) = -4*o**2 - 9*o + 7. Let d(j) = 5*i(j) - 3*r(j). Give d(-12).
-7
Let a(h) = -h**3 - 4*h**2 + h + 3. Let p be -1 + 33/(-22)*(1 + 1). Determine a(p).
-1
Suppose -3*h - 26 = 2*z - 10, -4*h = 16. Suppose -t + 3 = -0. Let x(w) = 0*w**t - 2*w**2 - w**3 + 0*w**3 - w. Determine x(z).
2
Suppose -1 + 2 = -o. Let g(n) = n**3 - 6*n**2 + 5*n + 1. Let l be g(5). Let a(p) = -2*p + l + 2 - 4 + p**2. Calculate a(o).
2
Let l(d) = -d + 2. Let y(i) = -2*i + 4. Let m(p) = 9*l(p) - 4*y(p). Let s(g) = -g**3 - 4*g**2 + 2*g + 5. Let o be s(-4). What is m(o)?
5
Let z(c) = -5*c**2 - 3*c - 1. Let p(t) = -t**2. Let k(o) = 6*p(o) - z(o). Let d be (-10)/(-4)*18/15. Give k(d).
1
Suppose 3*d = 5*d - 10. Suppose 0 = -4*m + 3*q + 43, 7 = m - q - d. Let z = -2 + m. Let o(b) = -b**3 + 5*b**2 + 2*b - 2. Calculate o(z).
8
Let m(k) = -k**2 + 6*k. Let c be m(5). Suppose -c*j = -2*b + b + 35, 2*j + 7 = -b. Let w(u) = u**2 + 5*u + 4. Give w(j).
10
Let x(n) = -4*n + 2. Let y be (-6)/(-15) + (-78)/(-30). Calculate x(y).
-10
Let f(p) = 8 + 8 - 9 - 2*p + 2. What is f(6)?
-3
Let y(v) = -5*v**2 + 4*v - 6. Let u(c) = 1 + 11*c - 10*c - 2. Let l(w) = -5*u(w) + y(w). Calculate l(-1).
-5
Let l(c) be the first derivative of -2*c**3/3 - 8. What is l(-1)?
-2
Let s(d) = -d**2 - 4*d. Let a = 32 - 36. Give s(a).
0
Let r = 50 + -57. Let s(g) = g**3 + 8*g**2 + 9*g + 6. Determine s(r).
-8
Let q = 36 + -40. Let b(p) = -2*p - 2. Determine b(q).
6
Let f(c) = c**2 + 3*c - 1. Let x(i) = i**2 + 2*i - 1. Let p(k) = -3*f(k) + 4*x(k). What is p(3)?
5
Let r(w) = 4*w + 19*w**2 + 1 + 18*w**2 - 40*w**2 - w. Give r(3).
-17
Let a = 41 - 44. Let r(h) = 3*h + 4. Determine r(a).
-5
Let y(u) = -530*u + 1 + 1059*u - 530*u. What is y(7)?
-6
Suppose 0 = -0*r + 2*r - c + 1, 3*c - 21 = -3*r. Let q(a) = -a**3 + 2*a + 0*a**2 + r*a**2 + 2*a + 1. Suppose -4*j = 3*p - 29, 0 = -p + 4*j - 17. Calculate q(p).
4
Suppose -n + 4*m + 4 = 1, 9 = 3*n + 3*m. Let x(g) be the first derivative of -g**2 + 2*g + 2. What is x(n)?
-4
Let z(k) = -4*k + 12. Let w(c) be the first derivative of -c**2/2 + c + 2. Let q(v) = 3*w(v) - z(v). Give q(4).
-5
Let x(h) = -7 - h - h**3 + 6*h**2 + 0*h - h. Suppose -3*j + 6*j - 3 = 0. Let q = 6 - j. Calculate x(q).
8
Let a(y) = y + 13. Let u be a(-14). Let j(o) = o**2. What is j(u)?
1
Let y be ((-42)/7)/(2/(-4)). Suppose y = m + 7. Let g(j) = -j**3 + 5*j**2 + j + 4. Determine g(m).
9
Let b(f) = -21*f - 28*f + 38*f + 8. Let w(u) = -4*u + 3. Let h(r) = 6*b(r) - 17*w(r). Determine h(3).
3
Let a(v) = v**2 + 7*v + 5. Let r(l) = -l**2 - 5*l + 9. Let t(m) = -m**2 + 7*m + 8. Let i be t(8). Suppose -3*h + i*h = 21. Let f be r(h). Calculate a(f).
-5
Suppose 0*t = 3*t - 15. Let x(m) = -3*m + 0*m + 1 + t*m + 0. Give x(-2).
-3
Let c(s) = s**2 - s. Let d be c(-1). Suppose 5*b + 5*v - d*v = 103, 0 = -2*v - 8. Suppose -30 = -5*r - q - 3*q, -4*r - 3*q = -b. Let n(f) = 2*f. Give n(r).
4
Let i(l) be the first derivative of -3*l**2/2 - l + 3. Let d = 1 - 2. Let v be -2 + 0 + d + 1. What is i(v)?
5
Let b(o) = -o**2 + o**3 + 2 + 0 + 3 - 6. Let u(l) = 13*l**3 - 2*l**2 - l - 3. Let z(g) = -2*b(g) + u(g). Determine z(-1).
-11
Let m(i) be the second derivative of -2*i**3/3 + i**2 + 13*i. Let h be (6/(-2))/(0 + -1). Determine m(h).
-10
Let r(j) = -9 + 1 + 0*j**2 - j**3 + 5*j**2 + 6*j. Let t = -83 - -89. Give r(t).
-8
Let t(z) be the third derivative of -z**6/24 + z**4/24 - z**2. Suppose -4*u = 4*a + 8, 5*u + 2*a - 8 = -9. Calculate t(u).
-4
Suppose -2*i = i + 30. Let y = i - -12. Let a(g) = -g**3 + 2*g**2 - 1. Calculate a(y).
-1
Let g(p) = p**3 + 5*p**2 - 4*p + 7. Let c(s) = -s**2 - 7*s - 7. Let r be c(-5). Suppose -4 = r*b + 14. Give g(b).
-5
Suppose -7*x + 12 = -3*x. Let o(y) = y**2 - 7*y + 2. Let q be o(7). Let t(p) = 2*p + 3*p - 4 - q*p. What is t(x)?
5
Let w(q) = -q**3 - 2*q**2 + 7*q - 1. Let p be w(-5). Let x be (-2)/6 - (-13)/p. Let y(a) = a**2 - a - 14. Give y(x).
-14
Let d(b) = -b + 2. Let z(r) = -2. Let a(f) = 6*d(f) + 7*z(f). Let k(i) = -13*i - 3. Let m(g) = -7*a(g) + 3*k(g). Give m(-5).
-10
Let r(i) = 3*i + 1. Suppose -4*s = -0*s - 2*u - 30, 0 = s + 4*u + 15. Determine r(s).
16
Let b(g) = g - 3. Let y(a) = -a + 4. Let c(r) = 6*b(r) + 5*y(r). What is c(5)?
7
Let v(b) = -b**3 - 9*b**2 + b + 8. Let p = 127 - 136. Determine v(p).
-1
Let f(o) = -2*o**2 + 5*o - 3. Let h = 12 - 7. Let c = h - 2. Calculate f(c).
-6
Let x(s) be the second derivative of s**5/20 - s**4/12 - 2*s**2 - s. Let p be 0/((6/(-12))/(2/4)). What is x(p)?
-4
Let n(y) = -y - 1. Suppose 54*x - 18 = 51*x. Calculate n(x).
-7
Let t(j) = 2*j - 5. Let a = -1 - -6. Calculate t(a).
5
Let i(v) be the third derivative of v**7/2520 + 7*v**5/60 + 2*v**2. Let p(l) be the third derivative of i(l). Let o be (-1 - -2)/(1/(-2)). Calculate p(o).
-4
Let a(k) = k**3 - 9*k**2 - 4*k - 3. Let n(p) = p**3 - 8*p**2 - 3*p - 2. Let d(w) = -5*a(w) + 6*n(w). Calculate d(3).
9
Let m(h) = -h**3 + 7*h**2 + 8*h + 3. Let g be m(8). Suppose -z - 7 = -2*o, -z = 4*o - 5*o + g. Let y(r) = r - 1. Give y(z).
0
Let h(r) be the second derivative of r**5/20 + r**4/24 - r**3/3 - r**2 + 2*r. Let j(d) be the first derivative of h(d). Give j(-2).
8
Let x(v) = v**3 + 3*v**2 + 3*v - 3. Let k(r) = -r**3 + 3*r**2 - r. Let h be k(3). Calculate x(h).
-12
Let s(b) = -b - 2. Let c = -13 - -19. Calculate s(c).
-8
Let j(v) = v**2 + 2*v - 3. Suppose 4*u = -25 + 9. Let b be (-126)/14 - u/1. What is j(b)?
12
Let x(w) = -7 + 12 + w + 0. Suppose 2*t + 6 = -4. Calculate x(t).
0
Let h = 3 - 2. Let d be -3 + 1 - (h - -1). Let g(l) = -l - 3. Let o(j) = -j - 1. Let u(c) = -g(c) + 2*o(c). Give u(d).
5
Let j(l) = -5 - 4 - 2*l + 5. Calculate j(-5).
6
Let l(s) = -s**3 + 5*s**2 + s - 7. Let x be l(5). Let h = 2 + x. Let u(m) = h + 6*m + 0 + 1. Give u(-1).
-5
Let u = 15 + 22. Let n be u/7 + 12/(-42). Let p(o) = 3*o - 7. Calculate p(n).
8
Let w(f) be the second derivative of f**3/2 + 2*f**2 + 35*f. Let o(t) = -t**3 + 6*t**2 - t + 1. Let p be o(6). Determine w(p).
-11
Suppose 3 = -2*j + 5. Let h(w) = -w**2 + w. What is h(j)?
0
Let s(a) = a**3 - a**2 - a - 10. Suppose 4*f = -5*d + 7*f + 12, -3*f - 12 = -d. Determine s(d).
-10
Let z(j) = -j**2 + 4*j - 3. Let r(y) = -4*y**2 + y**3 - 2*y**3 - 4*y - 2 + 2*y**3. Let n be r(5). Give z(n).
0
Let d(w) = w**3 + 5*w**2 - 4*w. Let t be (3 + -3 - 3) + -3. Calculate d(t).
-12
Suppose d - 3 = -2*d. Let j(o) = 3*o**2 - 9*o**2 + d - 2. Give j(1).
-7
Let i(n) = -n**2 - n - 4. Suppose 6*t = 2*t. Calculate i(t).
-4
Let g(u) = 3*u + 3. Let i(o) = -4*o - 4. Let h(v) = -6*g(v) - 5*i(v). Suppose 3 = -3*x - 3. Give h(x).
-2
Let b = 1153/12 - 96. Let d(z) be the third derivative of -1/20*z**5 + 0 - 1/120*z**6 - 2/3*z**3 + b*z**4 + 3*z**2 + 0*z. Calculate d(-3).
-10
Let x(r) = -3*r**3 - 4*r**2 + r - 4. Let u(b) = 7*b**3 + 7*b**2 - 3*b + 7. Suppose -10 = -0*v + 5*v. Let f(k) = v*u(k) - 5*x(k). Calculate f(-6).
0
Let o(b) = 0*b**2 + 1623 + b**2 - 8*b - 1611. What is o(8)?
12
Let b(y) = 3*y - 3 + 3*y**2 + 6*y**2 - 10*y**2 + y. Determine b(4).
-3
Let h(o) = -o**3 - 5*o**2 + 7*o + 4. Let l(n) = -n**2 + 4*n - 6. Let a be l(4). Calculate h(a).
-2
Let z(j) = -3*j - 1. Let l(a) = -a. Let f(g) = 2*l(g) + z(g). Let d(u) = -9*u - 3. Let s(n) = -4*d(n) + 7*f(n). What is s(0)?
5
Let d(k) = -k**2 - 4*k + 3. Let i = 9 + -12. What is d(i)?
6
Let b = 1 - 0. Let r be (b + (-3)/(-3))/2. Let h(o) = o**2 - 3 - 2*o**2 - 2*o - r. Determine h(-3).
-7
Let c(i) = i + 1. Let v be c(-6). Let l(f) = 2*f**2 - 7*f + 4. Let s(n) = 3*n**2 - 8*n + 4. Let u(q) = -4*l(q) + 3*s(q). Calculate u(v).
1
Let l(d) = 9*d**2 - 2*d**3 - 10*d + d**3 + d + 4. Give l(8).
-4
Let h b